 the highest common factor of 21 and 399.
21
Calculate the greatest common factor of 18 and 225.
9
What is the greatest common factor of 12 and 2274?
6
Calculate the greatest common factor of 168 and 5208.
168
Calculate the greatest common factor of 15 and 2445.
15
Calculate the greatest common factor of 76 and 19.
19
What is the highest common divisor of 8 and 392?
8
Calculate the greatest common factor of 6721 and 52.
13
Calculate the greatest common factor of 57 and 513.
57
Calculate the greatest common factor of 686 and 14.
14
Calculate the highest common factor of 354 and 249.
3
Calculate the greatest common divisor of 58 and 14123.
29
What is the highest common divisor of 40 and 5?
5
What is the greatest common factor of 5 and 67?
1
What is the highest common divisor of 72 and 4044?
12
Calculate the greatest common factor of 296 and 2220.
148
Calculate the greatest common factor of 1107 and 9.
9
Calculate the highest common factor of 39265 and 5.
5
What is the highest common factor of 442 and 26?
26
What is the greatest common divisor of 20 and 36?
4
Calculate the greatest common factor of 532 and 28.
28
Calculate the greatest common factor of 100 and 14400.
100
What is the greatest common factor of 132 and 348?
12
Calculate the highest common factor of 66 and 4642.
22
Calculate the greatest common divisor of 4 and 1276.
4
Calculate the greatest common factor of 15 and 3495.
15
Calculate the greatest common factor of 245 and 49.
49
Calculate the highest common factor of 1378 and 78.
26
Calculate the highest common divisor of 259 and 2405.
37
Calculate the greatest common factor of 352 and 1364.
44
What is the highest common divisor of 33 and 737?
11
Calculate the highest common factor of 148 and 111.
37
Calculate the greatest common divisor of 793 and 13.
13
Calculate the greatest common factor of 55 and 143.
11
What is the greatest common divisor of 138 and 174?
6
What is the greatest common factor of 369 and 287?
41
What is the greatest common divisor of 1036 and 28?
28
Calculate the highest common divisor of 207 and 225.
9
What is the highest common divisor of 644 and 12719?
161
What is the greatest common divisor of 4 and 194?
2
Calculate the highest common factor of 156 and 117.
39
Calculate the highest common factor of 85 and 15.
5
What is the greatest common divisor of 155 and 370?
5
Calculate the greatest common divisor of 126 and 84.
42
What is the highest common divisor of 6 and 15?
3
What is the highest common factor of 38 and 16739?
19
Calculate the greatest common divisor of 156 and 676.
52
What is the greatest common factor of 825 and 50?
25
Calculate the highest common factor of 127116 and 396.
396
Calculate the greatest common divisor of 57 and 209.
19
What is the highest common factor of 2294 and 62?
62
What is the greatest common divisor of 28000 and 224?
224
What is the highest common divisor of 682 and 1984?
62
Calculate the greatest common factor of 510 and 30.
30
Calculate the greatest common factor of 341 and 66.
11
Calculate the greatest common divisor of 306 and 18.
18
What is the greatest common divisor of 43 and 57?
1
What is the greatest common divisor of 6068 and 444?
148
What is the highest common factor of 25 and 775?
25
Calculate the highest common divisor of 224 and 420.
28
Calculate the greatest common factor of 48 and 10536.
24
What is the greatest common divisor of 205 and 164?
41
What is the highest common factor of 115 and 660?
5
What is the greatest common factor of 75 and 75?
75
Calculate the greatest common divisor of 84 and 224.
28
What is the greatest common divisor of 48 and 168?
24
What is the highest common divisor of 8397 and 622?
311
Calculate the highest common factor of 1425 and 675.
75
Calculate the greatest common factor of 1360 and 360.
40
Calculate the greatest common factor of 464 and 2030.
58
Calculate the highest common divisor of 37984 and 32.
32
Calculate the highest common divisor of 28 and 2632.
28
Calculate the highest common divisor of 51 and 17187.
51
What is the greatest common divisor of 1 and 12?
1
Calculate the highest common factor of 69 and 299.
23
Calculate the greatest common divisor of 132 and 324.
12
What is the highest common divisor of 2784 and 128?
32
Calculate the greatest common divisor of 5106 and 138.
138
Calculate the greatest common divisor of 55 and 10.
5
What is the greatest common divisor of 1111 and 101?
101
What is the highest common factor of 50 and 2950?
50
What is the highest common divisor of 126 and 450?
18
What is the greatest common divisor of 120 and 1104?
24
Calculate the highest common factor of 27 and 18603.
27
What is the highest common divisor of 3796 and 16?
4
Calculate the highest common factor of 3663 and 198.
99
Calculate the highest common divisor of 3290 and 35.
35
Calculate the greatest common divisor of 792 and 72.
72
Calculate the greatest common divisor of 4202 and 176.
22
Calculate the greatest common factor of 14 and 3395.
7
What is the highest common divisor of 792 and 1947?
33
What is the greatest common divisor of 90 and 330?
30
Calculate the greatest common factor of 173 and 17.
1
Calculate the highest common factor of 148 and 20831.
37
Calculate the highest common divisor of 252 and 672.
84
Calculate the highest common factor of 8 and 1220.
4
Calculate the greatest common factor of 46 and 92.
46
Calculate the greatest common factor of 20207 and 121.
121
What is the greatest common factor of 208 and 2976?
16
Calculate the highest common divisor of 20 and 26530.
10
What is the highest common divisor of 87 and 15?
3
What is the highest common factor of 325 and 455?
65
Calculate the highest common factor of 13 and 19357.
13
Calculate the greatest common divisor of 14 and 56.
14
Calculate the greatest common divisor of 1238 and 6.
2
Calculate the highest common divisor of 8476 and 364.
52
What is the highest common divisor of 76 and 52?
4
Calculate the greatest common divisor of 76 and 900.
4
What is the greatest common factor of 260 and 676?
52
What is the highest common divisor of 80 and 4904?
8
What is the highest common factor of 1435 and 82?
41
Calculate the greatest common factor of 16 and 124.
4
Calculate the greatest common divisor of 2650 and 150.
50
Calculate the highest common divisor of 242 and 121.
121
Calculate the highest common divisor of 80 and 30.
10
Calculate the greatest common factor of 105 and 875.
35
Calculate the greatest common factor of 16 and 592.
16
What is the greatest common factor of 636 and 192?
12
Calculate the greatest common divisor of 2796 and 48.
12
What is the highest common divisor of 132 and 60?
12
Calculate the highest common factor of 3388 and 88.
44
What is the greatest common factor of 24990 and 588?
294
Calculate the greatest common divisor of 182 and 3848.
26
What is the highest common divisor of 169 and 117?
13
Calculate the greatest common factor of 555 and 3145.
185
What is the highest common factor of 282 and 4?
2
Calculate the greatest common factor of 1782 and 209.
11
Calculate the highest common factor of 2873 and 34.
17
Calculate the highest common factor of 121085 and 397.
397
What is the greatest common divisor of 30 and 45?
15
Calculate the highest common divisor of 1111 and 11.
11
Calculate the highest common divisor of 23 and 4.
1
Calculate the greatest common factor of 65 and 16640.
65
Calculate the highest common divisor of 115 and 46.
23
Calculate the highest common divisor of 104 and 572.
52
What is the highest common divisor of 117 and 1233?
9
Calculate the greatest common factor of 33 and 3201.
33
What is the highest common divisor of 285 and 45?
15
Calculate the highest common divisor of 82 and 11234.
82
Calculate the highest common factor of 4596 and 276.
12
Calculate the highest common factor of 39 and 52494.
39
Calculate the highest common factor of 29 and 232.
29
Calculate the greatest common divisor of 465 and 62.
31
What is the highest common factor of 336 and 21?
21
Calculate the greatest common factor of 14 and 308.
14
What is the highest common divisor of 3530 and 30?
10
Calculate the greatest common divisor of 64 and 696.
8
What is the highest common factor of 162 and 216?
54
Calculate the highest common factor of 1264 and 16.
16
Calculate the gre